**2 - 5*y - 3. Give i(n).
-3
Suppose 5*n - 50 = -5*y, -n - 14 - 6 = -5*y. Let k(w) = -7*w + 28. What is k(n)?
-7
Let y(p) = -p**3 - p - 21. Let s(o) = o**2 - 8*o + 5. Let z be s(8). Suppose 0 = z*t - t. Determine y(t).
-21
Suppose 14 = -10*j + 24. Let o(u) = -21*u**3 + u**2 - 3*u + 2. Determine o(j).
-21
Let m(u) = 2*u + 76. Let s(b) = -b - 41. Let r(w) = -3*m(w) - 5*s(w). Calculate r(-10).
-13
Let s(k) = 0*k**3 + 515*k**2 - 2*k - 512*k**2 + 2 - k**3. Suppose 2*r - r + 80 = 0. Let o be r/(-45) - 2/(-9). What is s(o)?
2
Let s(k) = 2*k + 2. Suppose -6 = p - 8. Suppose -2*t + t = p. Let n be s(t). Let m(r) = 2*r**3 + 2*r**2 - 2. Calculate m(n).
-10
Let g(o) = o - 9. Let x(l) = -2*l + 3. Let f(b) = -g(b) - 2*x(b). Calculate f(-2).
-3
Let v(z) be the first derivative of -7/3*z**3 + 0*z**2 + z + 32. Determine v(1).
-6
Suppose -4*u - 10 = -4*d - 2, 5*u = -2*d - 10. Let m(t) = t + 1 + 2 - 13 + d*t. What is m(7)?
-3
Let y be (2 + -5 - -3)/1. Let t(b) be the third derivative of y*b - 1/2*b**3 + 0 + b**2 - 1/6*b**4. Give t(-2).
5
Let l(k) be the second derivative of 2*k**3/3 - k**2/2 + k. Let c(a) = -11 + 2*a**2 + 0*a**2 - 3*a**2 - 3*a + 2*a**2. Let v be c(5). What is l(v)?
-5
Let v(b) be the first derivative of -3*b**7/280 + b**5/120 - 2*b**3/3 - 13. Let p(s) be the third derivative of v(s). Determine p(1).
-8
Let c(o) = 49 + 4*o - 58 + 10*o + o. Let j(w) = w - 1. Let h(i) = c(i) - 12*j(i). Calculate h(-6).
-15
Let g(v) = 2*v + 7. Let m(k) = 2*k**2 - 5*k - 9. Let r be m(5). Suppose -3*c + 18 = -2*q - 2*q, -2*q - 2*c - r = 0. What is g(q)?
-5
Suppose -j = -3*f + 8, -3*j - 2 + 18 = -f. Let q(o) = -o + 3 + j + 0*o - 1. What is q(5)?
4
Let q(v) = 5*v**3 + 8*v**2 + v - 10. Let x(b) = 9*b**3 + 15*b**2 + 2*b - 19. Let d(a) = 11*q(a) - 6*x(a). What is d(3)?
10
Let q = 37 + -35. Let l(i) = 3*i - i**2 + i**q + 0*i - 2 + 2*i**2. Calculate l(-3).
7
Suppose -5*r + 74 = 5*l + 24, -2*r + 2*l = 0. Let h(c) = 6*c + 13. Let x(j) = 3*j + 6. Let w(f) = r*x(f) - 2*h(f). What is w(-4)?
-8
Let d = -243 + 239. Let i(u) = -2*u**2 - 2*u + 1. Calculate i(d).
-23
Let r(c) be the third derivative of -c**4/24 - c**3/6 + c**2 - 39*c. Determine r(4).
-5
Let z(c) = 0 + 1 - 5*c + 4*c. Let k(u) = u**3 - 42*u**2 - 6*u + 258. Let s be k(42). What is z(s)?
-5
Let o = -9 + 14. Suppose y + 3 = -5*j - 18, y - 19 = o*j. Let h(v) = 12*v**2 + 1. Calculate h(y).
13
Let m(k) = -2*k - 9. Suppose -17*u - 145 = -26. Determine m(u).
5
Let b(p) = 2*p**2 - 1. Suppose j - 7 = 3. Suppose -4*a + j + 54 = 0. Let h = a - 14. Give b(h).
7
Suppose -2*c = -1 - 1. Let a(i) = -c + 2 - 5*i**2 + 3*i**2. Suppose 135*k = 128*k - 7. What is a(k)?
-1
Let o(u) = -7*u**3 + 9*u**2 + 15*u + 23. Let v(b) = -13*b**3 + 18*b**2 + 29*b + 43. Let n(w) = -11*o(w) + 6*v(w). What is n(10)?
-5
Let g(w) = 5*w - 4 + 4*w - 13*w. What is g(-3)?
8
Suppose 0 = -0*f - f. Let z(j) = -9*j**3 - 4*j**2 - 8*j + 2. Let v(k) = -11*k**3 - 5*k**2 - 10*k + 2. Let t(d) = 4*v(d) - 5*z(d). Calculate t(f).
-2
Suppose -19 = 2*y - 5*f, f + 2 = 1. Let m = 17 + y. Let p(g) = -g**3 + 6*g**2 - 5*g + 5. Give p(m).
5
Let w(p) = -4*p**2 + 2*p - 3. Let m(d) = 5*d**2 - 3*d + 4. Let c(u) = -5*m(u) - 6*w(u). Calculate c(3).
-2
Let l(g) = g**3 - 11*g**2 + 8*g + 14. Let v be l(10). Let k(a) be the third derivative of a**5/60 + 5*a**4/24 + a**3 - 7*a**2. Calculate k(v).
12
Let b be (-14)/(-77) - (-60)/33. Let w(l) = 5 - 10*l + 6*l + 11*l + 0*l**b + 2*l**2. Determine w(-4).
9
Let l(f) be the second derivative of 5*f**3/6 - 23*f**2/2 - 173*f. What is l(5)?
2
Let v(r) = 4*r - 14. Let s(w) = -2*w + 11. Let t(c) = -3*s(c) - 2*v(c). What is t(-5)?
5
Let f(g) = -g**2 - 3*g + 1. Let s be (-1593)/63 - (-2)/7. Let u = 49 + s. Let d be (-1 - -7)/(u/(-16)). Determine f(d).
-3
Let v(d) be the first derivative of 9 - 1/4*d**4 - 2/3*d**3 + d - 1/2*d**2. What is v(2)?
-17
Let z(x) = -2*x + 3. Let r(v) = -8*v + 13 - 7 + 6. Let h(a) = 2*r(a) - 9*z(a). Determine h(-6).
-15
Suppose 0 = -3*b + 6 + 9. Let g(w) be the first derivative of -3/2*w**2 + 6*w - 9. Determine g(b).
-9
Let k(j) = -4*j - 27. Let t be k(-5). Let u(p) = -p**3 - 6*p**2 + 9*p - 7. Determine u(t).
-21
Let r(p) be the second derivative of 2*p**4/3 + 5*p**3/3 - 13*p**2/2 - 30*p. Let f(z) = 7*z**2 + 9*z - 11. Let u(g) = 7*f(g) - 6*r(g). Calculate u(-5).
11
Let t(f) = -36*f**2 - 19*f + 2. Let p(v) = -65*v**2 - 36*v + 3. Let h(o) = -5*p(o) + 9*t(o). Let u(b) = b**3 - 8*b**2 + 6*b - 2. Let d be u(7). Determine h(d).
3
Let q(i) = -8*i**3 - 8*i**2 + 26*i - 11. Let h(w) = -13*w**3 - 11*w**2 + 38*w - 16. Let b(a) = -5*h(a) + 8*q(a). Determine b(6).
-8
Let j(i) be the third derivative of i**7/840 + i**6/72 + i**5/30 - i**4/24 - 2*i**3/3 + 2*i**2. Let f(z) be the first derivative of j(z). Calculate f(-4).
-1
Suppose 0 = 4*r - 4, 3*z = 3*r - 2*r + 2. Let i(h) be the third derivative of h**5/10 + h**4/12 - h**3/6 + h**2. Calculate i(z).
7
Let d(a) be the first derivative of -7*a**4/4 - 20917. Let q = -1 + 1. Suppose 4*n - 3*h + 6 = -4, 2*h - 4 = q. Calculate d(n).
7
Let k(n) = n**3 + 2*n**2 - 4*n - 1. Let s = -1542 + 1538. Give k(s).
-17
Let f be 130/(-3 - -8) - 4. Suppose -v + 3*q = -5*v + 3, 5*q = -v + f. Let c(i) = -i**3 - 4*i**2 + i. Give c(v).
-12
Let c be (-11 - -5)/((-3)/4). Let i be (c/12)/(2/18). Suppose 0 = 4*h - i*h + 10. Let z(q) = -q**2 + 6*q + 2. Calculate z(h).
7
Let f(h) = 11*h**3 - h. Let s(u) = u**3 - u**2 - 1. Let q(t) = -t**3 + 5*t**2 + t + 3. Let y(k) = q(k) + 3*s(k). Let d be y(-1). Give f(d).
-10
Let i(b) = b + 9. Let u(x) = -1. Suppose -n - 14 = 5*g, 5*g = 2*n + g - 14. Let v(j) = n*i(j) + 4*u(j). Let t(y) = -y**2 + 3*y + 7. Let w be t(5). What is v(w)?
2
Let a(w) = 7 + 4 + 3 + w. Let d(t) = t + 1. Let z(q) = a(q) - 2*d(q). Suppose -83 + 569 = 81*k. What is z(k)?
6
Suppose -229*w = -238*w. Let z(c) be the second derivative of c**3/6 - 7*c**2/2 + 2*c. What is z(w)?
-7
Suppose 0 = -4*m + 8*m + 100. Let o = m - -24. Let t(h) be the first derivative of 3*h**4/2 + h**3/3 + h**2/2 - 5. What is t(o)?
-6
Let s = -29 + 34. Suppose s*p - 8*p + 6 = 0. Let m(f) = 4*f - 3. Determine m(p).
5
Suppose 6*k - 5*k - 6 = 0. Let r be (k + -3)*(-6)/(-6). Let q(g) = g**3 - 3*g**2 - g + 3. Calculate q(r).
0
Suppose -3*g = -3*x + 36, 2*x - x = -4*g - 53. Let k(d) = -d**2 - 13*d - 5. Determine k(g).
-5
Let r be 2/((-2)/(-5) + 0). Let f(l) be the second derivative of 5/2*l**2 - 1/2*l**3 + 0 + 12*l. What is f(r)?
-10
Let y be 164/(-205)*10/(-12). Let c(p) be the second derivative of 0 + y*p**3 + p + 0*p**2. Give c(1).
4
Let y(m) = -6*m - 5 - 38 + 64. Give y(5).
-9
Let l(o) be the first derivative of -23 - 7/3*o**3 + 1/4*o**4 + 7/2*o**2 + 6*o. Calculate l(6).
12
Let m(n) be the first derivative of -n**2/2 + 3*n - 85. Suppose 4*d = -5*c + 10, 4*c - 10 = -c + 2*d. Suppose c*v - 3*v + 5 = 0. Give m(v).
-2
Let k(r) = -3*r - 3. Suppose -74*n + 72*n + 176 = 0. Let f = n + -84. Determine k(f).
-15
Let d be 0 - 1 - (-12)/(-4). Let i(w) = -7*w + 1. Suppose -5*c - 38 = 4*y - 7*c, -5*y = c + 58. Let x(g) = 20*g - 3. Let q(r) = d*x(r) + y*i(r). What is q(-3)?
10
Let s(m) = -2*m**3 + m**2. Let j be (-10)/(-35) + (-8)/28. Suppose 3*b + q + 0*q - 2 = 0, -4*q - 16 = j. Give s(b).
-12
Let g(a) = -a**2 - 3*a + 4. Let w(d) = 5*d**2 + 11*d - 15. Let k(u) = 9*g(u) + 2*w(u). Give k(4).
2
Let g be ((-18)/6 - -5) + 3. Let u(p) = -g*p + 18*p + 3 - 2*p - 9*p. What is u(6)?
15
Let t = -1251 + 1240. Let m(p) = p**3 + 11*p**2 + 10. Give m(t).
10
Let b(s) = -15*s**2 + s + 6. Let r = 28 - 41. Let x(d) = 7*d**2 - 3. Let f(t) = r*x(t) - 6*b(t). Let l be 17/(-3) + 4/(-12). Calculate f(l).
3
Let g(v) = -7*v**2 + 7. Let b(r) = 10*r**2 + 4*r - 8. Let c(t) = 3*b(t) + 4*g(t). Calculate c(-8).
36
Suppose -2*g = 4 - 2, -v = 5*g + 7. Let x(n) be the first derivative of 2*n**3/3 - n**2/2 - 2*n + 149. Give x(v).
8
Let n = -680 + 676. Let b(o) be the third derivative of 0*o + 0 + 1/120*o**6 - 1/3*o**3 + 1/15*o**5 - o**2 + 0*o**4. Calculate b(n).
-2
Let f be (-8)/20*(-11 + 1). Let o(t) be the first derivative of t**3/3 - t**2 + 4*t + 137. Calculate o(f).
12
Let c(p) = -p**3 + 4*p**2 + 6*p - 7. Suppose -5*d + 50 = 5*d. Suppose 0 = w - 4*i - d, -2*w + 5*i - 6*i = -10. Determine c(w).
-2
Suppose -2 = 2*z, 2*g + 3*z + 0 = -1. Let s(b) = -7*b - 1. Determine s(g).
-8
Let s(b) = 2*b**2 + 3